56 and 2016.
168
Calculate the highest common factor of 514300 and 55130.
370
What is the highest common divisor of 13323660 and 10710?
210
What is the greatest common factor of 8026870 and 235?
5
What is the greatest common factor of 805285 and 20111?
169
What is the highest common divisor of 2573070 and 4308276?
2586
Calculate the greatest common factor of 9365630 and 1590.
530
Calculate the highest common factor of 216 and 20168.
8
What is the highest common divisor of 2639 and 314083224?
2639
Calculate the greatest common factor of 6224 and 30368.
16
Calculate the highest common factor of 4804 and 358799951.
1201
Calculate the highest common divisor of 1598115 and 975.
15
Calculate the highest common factor of 11964 and 1278000462.
5982
What is the highest common factor of 67745431 and 710?
71
What is the highest common divisor of 3375 and 382575?
75
Calculate the greatest common factor of 9468 and 37613997.
2367
Calculate the highest common factor of 5670 and 34452810.
1890
Calculate the highest common divisor of 406161304 and 4552.
4552
Calculate the greatest common factor of 255 and 28478485.
85
What is the greatest common factor of 30132 and 3751?
31
Calculate the greatest common factor of 69783 and 95109.
21
What is the greatest common factor of 14 and 117216617?
7
What is the highest common factor of 4299 and 315321619?
1433
Calculate the highest common factor of 3645 and 1003833.
729
What is the greatest common factor of 118 and 4902133?
59
What is the highest common factor of 184 and 131628494?
46
What is the highest common divisor of 18 and 6066594?
18
Calculate the greatest common factor of 5153280 and 104064.
384
What is the highest common factor of 2665050 and 86390?
1630
Calculate the greatest common divisor of 1563 and 1482766.
521
Calculate the greatest common factor of 29835 and 4361435.
1105
Calculate the highest common divisor of 455 and 8750.
35
Calculate the highest common divisor of 1452 and 3453.
3
What is the highest common divisor of 3699 and 1489875?
411
Calculate the greatest common divisor of 32235 and 620140.
1535
Calculate the greatest common factor of 97929452 and 106403.
9673
What is the greatest common divisor of 40547 and 1261?
13
Calculate the highest common factor of 310 and 25900500.
310
What is the greatest common divisor of 156434363 and 2391?
797
Calculate the highest common factor of 1477142376 and 34191.
11397
What is the greatest common factor of 494813691 and 5994?
2997
What is the greatest common divisor of 16247 and 1697073?
1477
Calculate the greatest common divisor of 18166 and 1613258.
586
What is the greatest common factor of 92131392 and 82416?
4848
Calculate the greatest common factor of 5073 and 5761237.
1691
Calculate the highest common divisor of 19814 and 1494.
2
Calculate the highest common divisor of 32 and 32924008.
8
Calculate the highest common factor of 3618 and 12557862.
54
Calculate the greatest common divisor of 2740035 and 2109.
111
Calculate the greatest common divisor of 3688073 and 943.
943
What is the greatest common divisor of 11267530 and 933?
311
What is the greatest common divisor of 63 and 746186?
7
Calculate the greatest common divisor of 11527560 and 62730.
3690
Calculate the greatest common divisor of 211326 and 19950.
6
Calculate the greatest common factor of 1275 and 177650.
425
What is the highest common divisor of 1025 and 1302529?
41
Calculate the greatest common divisor of 1423 and 122878896.
1423
Calculate the highest common divisor of 36809080 and 30464.
952
Calculate the highest common divisor of 156412 and 8.
4
What is the highest common factor of 16147 and 2028979?
241
Calculate the greatest common factor of 1044134105 and 2415.
805
Calculate the greatest common divisor of 12187372 and 10918.
206
What is the greatest common divisor of 40480200 and 2752?
344
What is the highest common factor of 14829 and 14253?
3
Calculate the greatest common divisor of 11557387 and 21731.
701
Calculate the highest common divisor of 7252 and 315952.
196
What is the highest common divisor of 9042 and 7062?
66
What is the highest common factor of 13015 and 6365?
95
What is the highest common divisor of 8930 and 1576430?
190
What is the greatest common factor of 576 and 217341?
9
Calculate the greatest common factor of 32590838 and 406.
406
What is the greatest common divisor of 27568593 and 364?
13
What is the highest common divisor of 4075379 and 184877?
539
What is the greatest common factor of 2018 and 21799?
1
What is the greatest common divisor of 354 and 2618457111?
177
What is the greatest common factor of 239 and 12599602?
239
What is the highest common factor of 77994 and 24894?
18
What is the highest common divisor of 16705 and 11219?
13
What is the highest common divisor of 316806 and 2919?
21
What is the highest common divisor of 49377 and 1787382?
327
Calculate the greatest common divisor of 360945216 and 13952.
6976
Calculate the highest common divisor of 17837016 and 168.
24
Calculate the highest common factor of 49346228 and 582.
194
Calculate the highest common divisor of 29237 and 53014.
13
What is the highest common divisor of 65366 and 280546?
406
Calculate the highest common divisor of 632205 and 28767.
669
What is the greatest common divisor of 22017 and 5016117?
537
Calculate the highest common divisor of 1520 and 380896.
16
Calculate the highest common divisor of 113956110 and 240.
30
What is the greatest common factor of 212983850 and 50?
50
What is the highest common factor of 1812499590 and 7590?
7590
What is the highest common factor of 541791101 and 905?
181
What is the highest common factor of 33284077 and 7679?
1097
Calculate the highest common divisor of 284 and 7081966.
142
Calculate the greatest common divisor of 676226 and 816.
34
What is the greatest common divisor of 2369692 and 304868?
796
Calculate the highest common divisor of 1762136 and 7011.
19
What is the greatest common divisor of 116 and 113810065?
29
Calculate the highest common factor of 903108 and 1591744.
1292
Calculate the greatest common factor of 2588 and 140694032.
2588
What is the highest common divisor of 186909370 and 10?
10
What is the greatest common divisor of 15 and 71991375?
15
Calculate the greatest common divisor of 352039464 and 252.
252
What is the greatest common divisor of 109875267 and 18?
9
What is the highest common factor of 18688 and 8030000?
1168
What is the highest common divisor of 16108518 and 9?
3
Calculate the highest common divisor of 1193059680 and 5088.
5088
Calculate the greatest common factor of 10788 and 391764.
12
What is the greatest common factor of 6193 and 1443532?
563
What is the highest common factor of 4725 and 1144920?
105
Calculate the greatest common factor of 166144 and 148864.
128
What is the highest common factor of 6 and 427566?
6
What is the highest common factor of 655732 and 51128?
308
What is the highest common divisor of 6976 and 99639952?
1744
Calculate the highest common divisor of 22 and 55617782.
22
Calculate the highest common factor of 16716140 and 180005.
4865
Calculate the highest common divisor of 11437560 and 1800.
360
Calculate the highest common divisor of 2192 and 45472.
16
Calculate the highest common factor of 36 and 383412.
12
Calculate the highest common divisor of 20456 and 1136.
8
Calculate the highest common divisor of 63056 and 32.
16
What is the highest common factor of 4655 and 378035?
245
Calculate the highest common factor of 462 and 6072423.
21
What is the greatest common divisor of 38007 and 29629701?
927
What is the greatest common factor of 2584 and 133271738?
646
Calculate the highest common factor of 486 and 49199481.
243
Calculate the highest common factor of 744629 and 13775.
19
Calculate the highest common divisor of 721615440 and 14.
14
What is the highest common divisor of 552240 and 31065840?
9360
What is the highest common divisor of 1297210 and 105850?
730
Calculate the greatest common divisor of 16169653 and 2569.
367
What is the greatest common divisor of 288 and 5041304?
8
What is the greatest common divisor of 285 and 389767710?
285
What is the highest common factor of 103212 and 1592172?
1692
Calculate the highest common divisor of 54540 and 2133423.
909
What is the great